{"id":1755,"date":"2022-04-19T14:20:22","date_gmt":"2022-04-19T12:20:22","guid":{"rendered":"https:\/\/neglesnedkeren.dk\/?page_id=1755"},"modified":"2026-04-09T10:15:40","modified_gmt":"2026-04-09T08:15:40","slug":"neglesnedkeren-copy","status":"publish","type":"page","link":"https:\/\/neglesnedkeren.dk\/","title":{"rendered":"Neglesnedkeren"},"content":{"rendered":"\n\n\t\t\t\n\t\t\t\n\t\t\t<h2>\n\t\t\t\t\tNeglesnedkeren byder velkommen\n\t\t\t\t<\/h2>\n\t\t\t<p>Ved du at mange mennesker f\u00f8rst ser p\u00e5 folks negle og h\u00e6nder, f\u00f8r de kigger p\u00e5 resten af dig?<\/p>\n<p>\u00a0<\/p>\n<p>Velplejede og p\u00e6ne negle og h\u00e6nder er for mange et selvtillidsboost, der er uundv\u00e6rligt i hverdagen. Og det er fuldt forst\u00e5eligt. Intet siger s\u00e5 meget om dig, som hvordan dine negle ser ud, og hos Neglesnedkeren s\u00e6ttes dit velbefindende i h\u00f8js\u00e6det, og er med til at sikre, at i en travl hverdag, er det en ting du ikke beh\u00f8ver at bekymre dig om, for det ER i orden.<\/p>\n<p>\u00a0<\/p>\n<p>Hos Neglesnedkeren bliver dine negle og h\u00e6nder nurset, s\u00e5 du kan g\u00e5 herfra med smukke negle og velplejede h\u00e6nder, og det vigtigste er at DU er fuldt ud tilfreds n\u00e5r du g\u00e5r herfra.<\/p>\n<p>\u00a0<\/p>\n<p>Hos Neglesnedkeren anvendes forskellige gel\u00e9er og gelpolish fra Magnetic Nail Design\u00ae, forskellige cremer fra BCL Spa\u00ae og fra Magnetic\u00ae, samt Shellac\u00ae fra CND. Kun velrenommerede m\u00e6rker, der har styr p\u00e5 kemi og certificering.<\/p>\n\t\t\t<h2>\n\t\t\t\t\tPriser\n\t\t\t\t<\/h2>\n\t\t\t<h5>\n\t\t\t\t\tNeglebehandlinger:\n\t\t\t\t<\/h5>\n\t\t\t<p>Gelpolish\u00a0Kr.350,-<\/p>\n<p>Forst\u00e6rkning af egne negle inkl. 1 helfarveKr.450,-<\/p>\n<p>Forl\u00e6ngelse af egne negle inkl. 1 helfarveKr.600,-<\/p>\n<p>Opfyldning hver 3.-4. ugeKr.425,-<\/p>\n\t\t\t<h5>\n\t\t\t\t\tTilk\u00f8b:\n\t\t\t\t<\/h5>\n\t\t\t<p>Glitter \/ franske kanter (malet\/tegnet)Kr.75,-<\/p>\n<p>St\u00f8bte franske kanter Kr.150,-<\/p>\n<p>Babyboomer\/Ombre (ikke st\u00f8bt)Kr.100,-<\/p>\n<p>Nailart let pr. negl\u00a0 (dog max kr. 175,-)Kr.25,-<\/p>\n\t\t\t<h5>\n\t\t\t\t\t\u00d8vrige:\n\t\t\t\t<\/h5>\n\t\t\t<p>Aftagning af produkt uden efterf\u00f8lgende produktKr.250,-<\/p>\n<p>Reparation af kunstig neglKr.75,-<\/p>\n<p>SPA-ManicureKr.225,-<\/p>\n<figure itemscope itemtype=\"https:\/\/schema.org\/ImageObject\">\n\t\t\t\t<img decoding=\"async\" src=\"https:\/\/neglesnedkeren.dk\/wp-content\/uploads\/2021\/08\/Neglesnedkeren_logo_2021_1500_1500_Trans_white-150x150.png\" alt=\"Neglesnedkeren_logo_2021_1500_1500_Trans_white\" height=\"150\" width=\"150\" title=\"Neglesnedkeren_logo_2021_1500_1500_Trans_white\" onerror=\"this.style.display='none'\" loading=\"lazy\" \/>\n\t<\/figure>\n<h2>\n\t\t\tFind vej\t<\/h2>\n<figure itemscope itemtype=\"https:\/\/schema.org\/ImageObject\">\n\t\t\t\t<a href=\"https:\/\/www.google.com\/maps\/place\/Vejleholmen+3,+2630+Taastrup\/@55.6480579,12.3261988,283m\/data=!3m1!1e3!4m5!3m4!1s0x465259dc4cf7b0bb:0x7db4dd710084be16!8m2!3d55.6477891!4d12.3264074\"  target=\"_self\" itemprop=\"url\">\n\t\t\t\t<img decoding=\"async\" src=\"https:\/\/neglesnedkeren.dk\/wp-content\/uploads\/2022\/04\/Find_Neglesnedkeren.png\" alt=\"Find_Neglesnedkeren\" height=\"568\" width=\"774\" title=\"Find_Neglesnedkeren\" onerror=\"this.style.display='none'\" loading=\"lazy\" \/>\n\t\t\t\t<\/a>\n\t<\/figure>\n<h2>\n\t\t\tKontakt\t<\/h2>\n\t<a href=\"https:\/\/www.google.com\/maps\/place\/Vejleholmen+3,+2630+Taastrup\/@55.6480579,12.3261988,283m\/data=!3m1!1e3!4m5!3m4!1s0x465259dc4cf7b0bb:0x7db4dd710084be16!8m2!3d55.6477891!4d12.3264074\">Vejleholmen 3<\/a><br \/>\n2630 Taastrup<br \/>\nTlf.: <a href=\"tel:20922290\">20922290<\/a><br \/>\nMail: <a href=\"mailto:Pernille@neglesnedkeren.dk\">Pernille@neglesnedkeren.dk<\/a><br \/>\nCVR.: <a href=\"https:\/\/datacvr.virk.dk\/data\/visenhed?enhedstype=virksomhed&amp;id=38781197&amp;soeg=38781197&amp;language=da\">38781197<\/a>\n\t\t\t<a href=\"https:\/\/neglesnedkeren.setmore.com\/\" target=\"_blank\" rel=\"noopener\"class=\"uabb-button uabb-creative-button uabb-creative-default-btn   \"  role=\"button\">\n\t\t\t\t\t\tBooking\n\t\t<\/a>\n\t\t\t<a href=\"#priser\" target=\"_self\"  role=\"button\">\n\t\t\t\t\t\tSe priser\n\t\t<\/a>\n<h4>\n\t\t\tCopyright \u00a9 2013-2023 Neglesnedkeren\t<\/h4>\n\n","protected":false},"excerpt":{"rendered":"<p>Neglesnedkeren byder velkommen Ved du at mange mennesker f\u00f8rst ser p\u00e5 folks negle og h\u00e6nder, f\u00f8r de kigger p\u00e5 resten af dig? \u00a0 Velplejede og p\u00e6ne negle og h\u00e6nder er for mange et selvtillidsboost, der er uundv\u00e6rligt i hverdagen. Og det er fuldt forst\u00e5eligt. Intet siger s\u00e5 meget om dig, som hvordan dine negle ser [&hellip;]<\/p>\n","protected":false},"author":2,"featured_media":0,"parent":0,"menu_order":0,"comment_status":"closed","ping_status":"closed","template":"","meta":{"footnotes":""},"class_list":["post-1755","page","type-page","status-publish","hentry","wpbf-post"],"_links":{"self":[{"href":"https:\/\/neglesnedkeren.dk\/index.php\/wp-json\/wp\/v2\/pages\/1755","targetHints":{"allow":["GET"]}}],"collection":[{"href":"https:\/\/neglesnedkeren.dk\/index.php\/wp-json\/wp\/v2\/pages"}],"about":[{"href":"https:\/\/neglesnedkeren.dk\/index.php\/wp-json\/wp\/v2\/types\/page"}],"author":[{"embeddable":true,"href":"https:\/\/neglesnedkeren.dk\/index.php\/wp-json\/wp\/v2\/users\/2"}],"replies":[{"embeddable":true,"href":"https:\/\/neglesnedkeren.dk\/index.php\/wp-json\/wp\/v2\/comments?post=1755"}],"version-history":[{"count":30,"href":"https:\/\/neglesnedkeren.dk\/index.php\/wp-json\/wp\/v2\/pages\/1755\/revisions"}],"predecessor-version":[{"id":1806,"href":"https:\/\/neglesnedkeren.dk\/index.php\/wp-json\/wp\/v2\/pages\/1755\/revisions\/1806"}],"wp:attachment":[{"href":"https:\/\/neglesnedkeren.dk\/index.php\/wp-json\/wp\/v2\/media?parent=1755"}],"curies":[{"name":"wp","href":"https:\/\/api.w.org\/{rel}","templated":true}]}}